{"id":739,"date":"2020-08-31T12:06:04","date_gmt":"2020-08-31T10:06:04","guid":{"rendered":"http:\/\/hiphopp.cluster028.hosting.ovh.net\/?page_id=739"},"modified":"2025-07-03T09:41:37","modified_gmt":"2025-07-03T07:41:37","slug":"nous-soutenir","status":"publish","type":"page","link":"https:\/\/hiphop38eparallele.com\/index.php\/nous-soutenir\/","title":{"rendered":"NOUS SOUTENIR"},"content":{"rendered":"\t\t<div data-elementor-type=\"wp-page\" data-elementor-id=\"739\" class=\"elementor elementor-739\" data-elementor-settings=\"[]\">\n\t\t\t<div class=\"elementor-inner\">\n\t\t\t\t<div class=\"elementor-section-wrap\">\n\t\t\t\t\t\t\t<section class=\"elementor-element elementor-element-c0457b5 elementor-section-boxed elementor-section-height-default elementor-section-height-default elementor-section elementor-top-section\" data-id=\"c0457b5\" data-element_type=\"section\">\n\t\t\t\t\t\t<div class=\"elementor-container elementor-column-gap-default\">\n\t\t\t\t<div class=\"elementor-row\">\n\t\t\t\t<div class=\"elementor-element elementor-element-3002e13 elementor-column elementor-col-100 elementor-top-column\" data-id=\"3002e13\" data-element_type=\"column\">\n\t\t\t<div class=\"elementor-column-wrap  elementor-element-populated\">\n\t\t\t\t\t<div class=\"elementor-widget-wrap\">\n\t\t\t\t<div class=\"elementor-element elementor-element-ebe2483 elementor-widget elementor-widget-heading\" data-id=\"ebe2483\" data-element_type=\"widget\" data-widget_type=\"heading.default\">\n\t\t\t\t<div class=\"elementor-widget-container\">\n\t\t\t<h2 class=\"elementor-heading-title elementor-size-default\">SOUTENEZ L 'ASSOCIATION<\/h2>\t\t<\/div>\n\t\t\t\t<\/div>\n\t\t\t\t\t\t<\/div>\n\t\t\t<\/div>\n\t\t<\/div>\n\t\t\t\t\t\t<\/div>\n\t\t\t<\/div>\n\t\t<\/section>\n\t\t\t\t<section class=\"elementor-element elementor-element-f6c8f45 elementor-section-boxed elementor-section-height-default elementor-section-height-default elementor-section elementor-top-section\" data-id=\"f6c8f45\" data-element_type=\"section\">\n\t\t\t\t\t\t<div class=\"elementor-container elementor-column-gap-default\">\n\t\t\t\t<div class=\"elementor-row\">\n\t\t\t\t<div class=\"elementor-element elementor-element-f57e87d elementor-column elementor-col-100 elementor-top-column\" data-id=\"f57e87d\" data-element_type=\"column\">\n\t\t\t<div class=\"elementor-column-wrap  elementor-element-populated\">\n\t\t\t\t\t<div class=\"elementor-widget-wrap\">\n\t\t\t\t<div class=\"elementor-element elementor-element-01d1498 elementor-button-success elementor-align-center elementor-widget elementor-widget-button\" data-id=\"01d1498\" data-element_type=\"widget\" data-widget_type=\"button.default\">\n\t\t\t\t<div class=\"elementor-widget-container\">\n\t\t\t\t\t<div class=\"elementor-button-wrapper\">\n\t\t\t<a href=\"https:\/\/www.helloasso.com\/associations\/hip-hop-38eme-parallele\/collectes\/parallel-jam-2025-avec-vous-2\" target=\"_blank\" class=\"elementor-button-link elementor-button elementor-size-sm elementor-animation-hang\" role=\"button\">\n\t\t\t\t\t\t<span class=\"elementor-button-content-wrapper\">\n\t\t\t\t\t\t<span class=\"elementor-button-text\">FAIRE UN DON<\/span>\n\t\t<\/span>\n\t\t\t\t\t<\/a>\n\t\t<\/div>\n\t\t\t\t<\/div>\n\t\t\t\t<\/div>\n\t\t\t\t<div class=\"elementor-element elementor-element-c9aad84 elementor-aspect-ratio-169 elementor-widget elementor-widget-video\" data-id=\"c9aad84\" data-element_type=\"widget\" data-settings=\"{&quot;aspect_ratio&quot;:&quot;169&quot;}\" data-widget_type=\"video.default\">\n\t\t\t\t<div class=\"elementor-widget-container\">\n\t\t\t\t\t<div class=\"elementor-wrapper elementor-fit-aspect-ratio elementor-open-inline\">\n\t\t\t<iframe class=\"elementor-video-iframe\" allowfullscreen title=\"Lecteur vid\u00e9o youtube\" src=\"https:\/\/www.youtube.com\/embed\/33g4kpCAH-c?feature=oembed&amp;autoplay=1&amp;playsinline=1&amp;playlist=33g4kpCAH-c&amp;wmode=opaque&amp;loop=1&amp;controls=1&amp;mute=1&amp;rel=0&amp;modestbranding=0\"><\/iframe>\t\t<\/div>\n\t\t\t\t<\/div>\n\t\t\t\t<\/div>\n\t\t\t\t<div class=\"elementor-element elementor-element-61f18fc elementor-widget elementor-widget-spacer\" data-id=\"61f18fc\" data-element_type=\"widget\" data-widget_type=\"spacer.default\">\n\t\t\t\t<div class=\"elementor-widget-container\">\n\t\t\t\t\t<div class=\"elementor-spacer\">\n\t\t\t<div class=\"elementor-spacer-inner\"><\/div>\n\t\t<\/div>\n\t\t\t\t<\/div>\n\t\t\t\t<\/div>\n\t\t\t\t<div class=\"elementor-element elementor-element-1873bc3 elementor-widget elementor-widget-text-editor\" data-id=\"1873bc3\" data-element_type=\"widget\" data-widget_type=\"text-editor.default\">\n\t\t\t\t<div class=\"elementor-widget-container\">\n\t\t\t\t\t<div class=\"elementor-text-editor elementor-clearfix\"><p class=\"Standard\">Parallel Jam, c&rsquo;est une rencontre autour de la culture Hip-Hop.<\/p><p class=\"Textbody\">Oui\u00a0! un th\u00e8me large et aujourd&rsquo;hui, presque tout le monde a d\u00e9j\u00e0 pu se rendre \u00e0, ou entendu parler, de divers \u00e9v\u00e8nements dans le monde entier.<\/p><p class=\"Textbody\"><b><i>Alors pourquoi nous ? Pourquoi aider cet \u00e9v\u00e8nement ?<\/i><\/b><\/p><p class=\"Textbody\">Rentrons dans le d\u00e9tail de ce que, pour nous, et, esp\u00e9rons, pour vous aussi, \u00e0 travers nos id\u00e9es, repr\u00e9sente Parallel Jam :<\/p><p class=\"Textbody\">Tout d&rsquo;abord :<\/p><p class=\"Textbody\"><b>&#8211; C&rsquo;est une v\u00e9ritable rencontre entre les personnes<\/b>, de tous \u00e2ges, de toutes classes sociales confondues, de tout parcours&#8230; qui, nous esp\u00e9rons, pendant un \u00e9v\u00e8nement, se r\u00e9unissent autour des diverses activit\u00e9s\/arts que nous proposons. Cette rencontre doit permettre un \u00e9change autour de tout l&rsquo;univers Hip-Hop. Une coh\u00e9sion sociale qui, dans le contexte actuel, n&rsquo;est pas \u00e9vidente.<\/p><p class=\"Textbody\"><b>&#8211; Une rencontre entre les artistes (venus)\u00a0<\/b>de France et de l&rsquo;Etranger\/ des artistes fran\u00e7ais et \u00e9trangers.<\/p><p class=\"Textbody\"><b>&#8211; Un d\u00e9veloppement culturel<\/b> : Sans rentrer dans le d\u00e9tail de ce qu&rsquo;est la culture Hip-Hop (mais nous en parlons avec vous avec plaisir), c&rsquo;est un d\u00e9veloppement d&rsquo;id\u00e9es v\u00e9hiculant des valeurs humaines. Nous voulons mettre en avant cet aspect l\u00e0 : de respect, d&rsquo;entraide, d&rsquo;\u00e9change de connaissance mais aussi de vivre ensemble.<\/p><p class=\"Textbody\"><b>&#8211; Un d\u00e9passement de soi<\/b>\u00a0: parce qu\u2019il y a aussi ce\u00a0c\u00f4t\u00e9 Battle (comp\u00e9tition), donner tout ce qu&rsquo;on a sur un moment pour repr\u00e9senter pas seulement l&rsquo;artiste que l&rsquo;on est mais l&rsquo;\u00e9cole d&rsquo;o\u00f9 l&rsquo;on vient.<\/p><p class=\"Textbody\"><b>&#8211; Une action solidaire<\/b>\u00a0pendant l&rsquo;\u00e9v\u00e8nement : En lien avec une association, nous r\u00e9coltons une collecte (v\u00eatement et nourriture) pour les plus d\u00e9munis.<\/p><p class=\"Textbody\">Id\u00e9aliste peut-\u00eatre mais c&rsquo;est tout cela que\u00a0nous voulons\u00a0v\u00e9hiculer.<\/p><p class=\"Textbody\">Cet \u00e9v\u00e8nement est bien plus qu&rsquo;un moment artistique mais un\u00a0\u00e9change entre les personnes : les artistes et le public dans une m\u00eame atmosph\u00e8re (Le public est tout aussi acteur de l&rsquo;\u00e9v\u00e8nement).<\/p><p class=\"Textbody\">Notre but : Partager tous ensemble autour d&rsquo;une culture qui nous tient \u00e0 c\u0153ur, avec des valeurs qui sont importantes pour nous tout en restant au maximum authentique.<\/p><p class=\"Textbody\">Pas de\u00a0bla-bla.<\/p><p class=\"Textbody\">Une rencontre dans la simplicit\u00e9 du Hip-Hop.<\/p><\/div>\n\t\t\t\t<\/div>\n\t\t\t\t<\/div>\n\t\t\t\t<div class=\"elementor-element elementor-element-b9515eb elementor-align-center elementor-widget elementor-widget-button\" data-id=\"b9515eb\" data-element_type=\"widget\" data-widget_type=\"button.default\">\n\t\t\t\t<div class=\"elementor-widget-container\">\n\t\t\t\t\t<div class=\"elementor-button-wrapper\">\n\t\t\t<a href=\"https:\/\/www.helloasso.com\/associations\/hip-hop-38eme-parallele\" target=\"_blank\" class=\"elementor-button-link elementor-button elementor-size-sm elementor-animation-hang\" role=\"button\">\n\t\t\t\t\t\t<span class=\"elementor-button-content-wrapper\">\n\t\t\t\t\t\t<span class=\"elementor-button-text\">NOTRE PAGE HELLOASSO<\/span>\n\t\t<\/span>\n\t\t\t\t\t<\/a>\n\t\t<\/div>\n\t\t\t\t<\/div>\n\t\t\t\t<\/div>\n\t\t\t\t\t\t<\/div>\n\t\t\t<\/div>\n\t\t<\/div>\n\t\t\t\t\t\t<\/div>\n\t\t\t<\/div>\n\t\t<\/section>\n\t\t\t\t\t\t<\/div>\n\t\t\t<\/div>\n\t\t<\/div>\n\t\t","protected":false},"excerpt":{"rendered":"<p>SOUTENEZ L &lsquo;ASSOCIATION FAIRE UN DON Parallel Jam, c&rsquo;est une rencontre autour de la culture Hip-Hop. Oui\u00a0! un th\u00e8me large et aujourd&rsquo;hui, presque tout le monde a d\u00e9j\u00e0 pu se rendre \u00e0, ou entendu parler, de divers \u00e9v\u00e8nements dans le monde entier. Alors pourquoi nous ? Pourquoi aider cet \u00e9v\u00e8nement ? Rentrons dans le d\u00e9tail [&hellip;]<\/p>\n","protected":false},"author":1,"featured_media":0,"parent":0,"menu_order":0,"comment_status":"closed","ping_status":"closed","template":"","meta":[],"yoast_head":"<!-- This site is optimized with the Yoast SEO plugin v14.8.1 - https:\/\/yoast.com\/wordpress\/plugins\/seo\/ -->\n<title>NOUS SOUTENIR - 38\u00e8me Parall\u00e8le<\/title>\n<meta name=\"description\" content=\"38\u00e8me Parall\u00e8le est une association loi 1901, situ\u00e9e \u00e0 Grenoble et cr\u00e9\u00e9e en 2004.Elle a vocation \u00e0 promouvoir et dynamiser le mouvement Hip Hop soustoutes ses formes .\" \/>\n<meta name=\"robots\" content=\"index, follow\" \/>\n<meta name=\"googlebot\" content=\"index, follow, max-snippet:-1, max-image-preview:large, max-video-preview:-1\" \/>\n<meta name=\"bingbot\" content=\"index, follow, max-snippet:-1, max-image-preview:large, max-video-preview:-1\" \/>\n<link rel=\"canonical\" href=\"https:\/\/hiphop38eparallele.com\/index.php\/nous-soutenir\/\" \/>\n<meta property=\"og:locale\" content=\"fr_FR\" \/>\n<meta property=\"og:type\" content=\"article\" \/>\n<meta property=\"og:title\" content=\"NOUS SOUTENIR - 38\u00e8me Parall\u00e8le\" \/>\n<meta property=\"og:description\" content=\"38\u00e8me Parall\u00e8le est une association loi 1901, situ\u00e9e \u00e0 Grenoble et cr\u00e9\u00e9e en 2004.Elle a vocation \u00e0 promouvoir et dynamiser le mouvement Hip Hop soustoutes ses formes .\" \/>\n<meta property=\"og:url\" content=\"https:\/\/hiphop38eparallele.com\/index.php\/nous-soutenir\/\" \/>\n<meta property=\"og:site_name\" content=\"38\u00e8me Parall\u00e8le\" \/>\n<meta property=\"article:publisher\" content=\"https:\/\/www.facebook.com\/38emeparallele\" \/>\n<meta property=\"article:modified_time\" content=\"2025-07-03T07:41:37+00:00\" \/>\n<meta name=\"twitter:card\" content=\"summary_large_image\" \/>\n<script type=\"application\/ld+json\" class=\"yoast-schema-graph\">{\"@context\":\"https:\/\/schema.org\",\"@graph\":[{\"@type\":\"WebSite\",\"@id\":\"https:\/\/hiphop38eparallele.com\/#website\",\"url\":\"https:\/\/hiphop38eparallele.com\/\",\"name\":\"38\\u00e8me Parall\\u00e8le\",\"description\":\"Association Hip-Hop \/ Grenoble\",\"potentialAction\":[{\"@type\":\"SearchAction\",\"target\":\"https:\/\/hiphop38eparallele.com\/?s={search_term_string}\",\"query-input\":\"required name=search_term_string\"}],\"inLanguage\":\"fr-FR\"},{\"@type\":\"WebPage\",\"@id\":\"https:\/\/hiphop38eparallele.com\/index.php\/nous-soutenir\/#webpage\",\"url\":\"https:\/\/hiphop38eparallele.com\/index.php\/nous-soutenir\/\",\"name\":\"NOUS SOUTENIR - 38\\u00e8me Parall\\u00e8le\",\"isPartOf\":{\"@id\":\"https:\/\/hiphop38eparallele.com\/#website\"},\"datePublished\":\"2020-08-31T10:06:04+00:00\",\"dateModified\":\"2025-07-03T07:41:37+00:00\",\"description\":\"38\\u00e8me Parall\\u00e8le est une association loi 1901, situ\\u00e9e \\u00e0 Grenoble et cr\\u00e9\\u00e9e en 2004.Elle a vocation \\u00e0 promouvoir et dynamiser le mouvement Hip Hop soustoutes ses formes .\",\"inLanguage\":\"fr-FR\",\"potentialAction\":[{\"@type\":\"ReadAction\",\"target\":[\"https:\/\/hiphop38eparallele.com\/index.php\/nous-soutenir\/\"]}]}]}<\/script>\n<!-- \/ Yoast SEO plugin. -->","_links":{"self":[{"href":"https:\/\/hiphop38eparallele.com\/index.php\/wp-json\/wp\/v2\/pages\/739"}],"collection":[{"href":"https:\/\/hiphop38eparallele.com\/index.php\/wp-json\/wp\/v2\/pages"}],"about":[{"href":"https:\/\/hiphop38eparallele.com\/index.php\/wp-json\/wp\/v2\/types\/page"}],"author":[{"embeddable":true,"href":"https:\/\/hiphop38eparallele.com\/index.php\/wp-json\/wp\/v2\/users\/1"}],"replies":[{"embeddable":true,"href":"https:\/\/hiphop38eparallele.com\/index.php\/wp-json\/wp\/v2\/comments?post=739"}],"version-history":[{"count":25,"href":"https:\/\/hiphop38eparallele.com\/index.php\/wp-json\/wp\/v2\/pages\/739\/revisions"}],"predecessor-version":[{"id":1612,"href":"https:\/\/hiphop38eparallele.com\/index.php\/wp-json\/wp\/v2\/pages\/739\/revisions\/1612"}],"wp:attachment":[{"href":"https:\/\/hiphop38eparallele.com\/index.php\/wp-json\/wp\/v2\/media?parent=739"}],"curies":[{"name":"wp","href":"https:\/\/api.w.org\/{rel}","templated":true}]}}